1083
What are the prime factors of 825368205?
3, 5, 53, 1038199
List the prime factors of 58523916.
2, 3, 11, 443363
List the prime factors of 24582936.
2, 3, 7, 131, 1117
What are the prime factors of 3498817098?
2, 3, 7, 193, 653, 661
What are the prime factors of 665373521?
19, 191, 183349
List the prime factors of 81119882.
2, 233, 174077
List the prime factors of 8493873.
3, 139, 20369
What are the prime factors of 779337890?
2, 5, 71, 1097659
What are the prime factors of 1443969959?
1443969959
What are the prime factors of 85988819?
7, 113, 108709
List the prime factors of 59918004.
2, 3, 89, 18701
What are the prime factors of 1201742263?
1171, 1026253
What are the prime factors of 31950818?
2, 19, 23, 139, 263
What are the prime factors of 106674671?
83, 1285237
List the prime factors of 58594251.
3, 43, 454219
List the prime factors of 8385743.
17, 493279
List the prime factors of 1122632410.
2, 5, 61, 97, 18973
What are the prime factors of 642745403?
9397, 68399
List the prime factors of 17292398.
2, 347, 24917
What are the prime factors of 54218024?
2, 7, 37, 137, 191
List the prime factors of 1306908772.
2, 13, 1181, 1637
List the prime factors of 486799052.
2, 331, 367673
What are the prime factors of 100528580?
2, 5, 5026429
List the prime factors of 35841666.
2, 3, 7, 137, 6229
What are the prime factors of 5955677970?
2, 3, 5, 11, 89, 199, 1019
What are the prime factors of 60819538?
2, 13, 113, 127, 163
List the prime factors of 720570116.
2, 7, 37, 829, 839
List the prime factors of 491933698.
2, 67, 3671147
What are the prime factors of 3799961261?
17, 23, 9718571
What are the prime factors of 177433112?
2, 1279, 17341
What are the prime factors of 913144622?
2, 13, 35120947
What are the prime factors of 24292781?
24292781
List the prime factors of 2667768735.
3, 5, 23, 373, 20731
List the prime factors of 45114050.
2, 5, 902281
What are the prime factors of 299256106?
2, 617, 242509
What are the prime factors of 10059471?
3, 13799
What are the prime factors of 98853692?
2, 7, 29, 53, 2297
What are the prime factors of 279367533?
3, 31040837
List the prime factors of 125406586.
2, 17, 53, 69593
What are the prime factors of 1400465219?
17, 241, 341827
What are the prime factors of 109553828?
2, 283, 96779
What are the prime factors of 168143359?
168143359
List the prime factors of 66198700.
2, 5, 661987
List the prime factors of 214723964.
2, 7, 13, 45377
What are the prime factors of 817825554?
2, 3, 7, 13, 499283
What are the prime factors of 9681115?
5, 1936223
List the prime factors of 126191082.
2, 3, 211, 263, 379
List the prime factors of 26280582.
2, 3, 23, 37, 5147
List the prime factors of 25511835.
3, 5, 47, 36187
What are the prime factors of 36897789?
3, 12299263
What are the prime factors of 224174342?
2, 7, 17, 37, 25457
What are the prime factors of 410417690?
2, 5, 37, 53, 20929
List the prime factors of 75979330.
2, 5, 7, 1085419
What are the prime factors of 683304050?
2, 5, 11, 13, 227, 421
List the prime factors of 1565954452.
2, 113, 1277, 2713
List the prime factors of 80003472.
2, 3, 37, 107, 421
List the prime factors of 62110294.
2, 31055147
List the prime factors of 89561725.
5, 11, 19, 61, 281
List the prime factors of 112385028.
2, 3, 7, 17, 11243
List the prime factors of 2712700899.
3, 13007, 23173
List the prime factors of 160344692.
2, 1531, 26183
List the prime factors of 234080413.
7, 73, 89, 5147
List the prime factors of 9773265.
3, 5, 101, 6451
List the prime factors of 1388609321.
11, 126237211
What are the prime factors of 220960719?
3, 7, 3507313
What are the prime factors of 515017951?
7, 587, 125339
What are the prime factors of 70272594?
2, 3, 7, 17, 53, 619
What are the prime factors of 1541766706?
2, 41, 18802033
What are the prime factors of 16661427?
3, 5553809
What are the prime factors of 177661526?
2, 7, 17, 746477
What are the prime factors of 49765897?
1229, 40493
List the prime factors of 52056740.
2, 5, 29, 89753
What are the prime factors of 5469723334?
2, 23, 118907029
What are the prime factors of 51684478?
2, 131, 197269
What are the prime factors of 507796420?
2, 5, 191, 307, 433
What are the prime factors of 528589291?
19, 449, 61961
What are the prime factors of 29714410?
2, 5, 11, 270131
What are the prime factors of 420535054?
2, 210267527
What are the prime factors of 892535680?
2, 5, 79, 127, 139
What are the prime factors of 40763841?
3, 17, 799291
What are the prime factors of 51304062?
2, 3, 17, 151, 3331
What are the prime factors of 5800007291?
13, 67, 6659021
List the prime factors of 30513787.
109, 271, 1033
List the prime factors of 491759322.
2, 3, 29, 379, 7457
List the prime factors of 64682368.
2, 31, 16301
What are the prime factors of 154363309?
154363309
What are the prime factors of 1511870802?
2, 3, 13, 19382959
What are the prime factors of 101718740?
2, 5, 313, 16249
List the prime factors of 26640437.
26640437
List the prime factors of 59841808.
2, 13, 287701
List the prime factors of 332232945.
3, 5, 11, 2013533
List the prime factors of 243174157.
41, 5931077
List the prime factors of 548526430.
2, 5, 54852643
List the prime factors of 19555211.
13, 1504247
List the prime factors of 64505663.
64505663
What are the prime factors of 69713994?
2, 3, 7, 37, 113, 397
List the prime factors of 628790531.
1049, 599419
List the prime factors of 150434727.
3, 50144909
List the prime factors of 1075383622.
2, 19, 1489451
What are the prime factors of 30953934?
2, 3, 11, 31, 41
What are the prime factors of 28639570?
2, 5, 1249, 2293
What are the prime factors of 5160115442?
2, 2580057721
List the prime factors of 3344994361.
37, 193, 468421
List the prime factors of 437725433.
271, 1615223
List the prime factors of 4204019551.
4139, 1015709
List the prime factors of 658580395.
5, 11, 11974189
List the prime factors of 1036729.
1036729
What are the prime factors of 902367380?
2, 5, 19, 107, 22193
What are the prime factors of 21774267?
3, 2419363
What are the prime factors of 292994411?
389, 853, 883
What are the prime factors of 2461603672?
2, 11, 17, 19, 7873
List the prime factors of 43502816.
2, 7, 157, 1237
What are the prime factors of 1211639?
11, 13, 37, 229
List the prime factors of 365639724.
2, 3, 19, 178187
What are the prime factors of 10739035?
5, 43, 199, 251
List the prime factors of 2311865361.
3, 13, 193, 34127
List the prime factors of 689595391.
137, 5033543
What are the prime factors of 663891539?
1033, 642683
List the prime factors of 75829345.
5, 29, 522961
List the prime factors of 2041793304.
2, 3, 85074721
What are the prime factors of 21458458?
2, 7, 61, 25127
List the prime factors of 186706036.
2, 11, 17, 249607
List the prime factors of 1061862749.
157, 1429, 4733
What are the prime factors of 129012632?
2, 7, 2303797
List the prime factors of 1686997669.
7, 17, 19, 746129
List the prime factors of 2053461638.
2, 29, 31, 673, 1697
List the prime factors of 362192273.
3253, 111341
List the prime factors of 6575331952.
2, 7, 809, 1481
What are the prime factors of 956353617?
3, 191, 556343
List the prime factors of 933363445.
5, 7, 1987, 13421
List the prime factors of 2797650495.
3, 5, 59, 13009
List the prime factors of 649323351.
3, 24049013
What are the prime factors of 790605605?
5, 59, 1583, 1693
What are the prime factors of 672818575?
5, 11, 13, 31, 467
List the prime factors of 1146285610.
2, 5, 29, 83, 47623
What are the prime factors of 20734340?
2, 5, 11, 79, 1193
What are the prime factors of 253288362?
2, 3, 42214727
List the prime factors of 981952241.
9043, 108587
List the prime factors of 4928571889.
4928571889
List the prime factors of 1075480654.
2, 43, 1613, 7753
List the prime factors of 90773068.
2, 2017, 11251
What are the prime factors of 2302720098?
2, 3, 7, 54826669
What are the prime factors of 31564868?
2, 7891217
What are the prime factors of 16321240?
2, 5, 13, 31387
What are the prime factors of 172643194?
2, 17, 43, 263, 449
What are the prime factors of 378648532?
2, 94662133
List the prime factors of 114983572.
2, 11, 499, 5237
What are the prime factors of 32982582?
2, 3, 317, 17341
List the prime factors of 25287631.
107, 236333
What are the prime factors of 75291287?
75291287
Li